[INFO] cloning repository https://github.com/Stebalien/ipld-exp
[INFO] running `Command { std: "git" "-c" "credential.helper=" "-c" "credential.helper=/workspace/cargo-home/bin/git-credential-null" "clone" "--bare" "https://github.com/Stebalien/ipld-exp" "/workspace/cache/git-repos/https%3A%2F%2Fgithub.com%2FStebalien%2Fipld-exp", kill_on_drop: false }`
[INFO] [stderr] Cloning into bare repository '/workspace/cache/git-repos/https%3A%2F%2Fgithub.com%2FStebalien%2Fipld-exp'...
[INFO] running `Command { std: "git" "rev-parse" "HEAD", kill_on_drop: false }`
[INFO] [stdout] 18c8e8299876641fe9d089cf105eafc048859001
[INFO] checking Stebalien/ipld-exp against master#9610dfe5a9a731ced1ea4923ecbd0c57fe367898 for beta-170-4
[INFO] running `Command { std: "git" "clone" "/workspace/cache/git-repos/https%3A%2F%2Fgithub.com%2FStebalien%2Fipld-exp" "/workspace/builds/worker-2-tc1/source", kill_on_drop: false }`
[INFO] [stderr] Cloning into '/workspace/builds/worker-2-tc1/source'...
[INFO] [stderr] done.
[INFO] validating manifest of git repo https://github.com/Stebalien/ipld-exp on toolchain 9610dfe5a9a731ced1ea4923ecbd0c57fe367898
[INFO] running `Command { std: CARGO_HOME="/workspace/cargo-home" RUSTUP_HOME="/workspace/rustup-home" "/workspace/cargo-home/bin/cargo" "+9610dfe5a9a731ced1ea4923ecbd0c57fe367898" "metadata" "--manifest-path" "Cargo.toml" "--no-deps", kill_on_drop: false }`
[INFO] removed /workspace/builds/worker-2-tc1/source/rust-toolchain
[INFO] started tweaking git repo https://github.com/Stebalien/ipld-exp
[INFO] finished tweaking git repo https://github.com/Stebalien/ipld-exp
[INFO] tweaked toml for git repo https://github.com/Stebalien/ipld-exp written to /workspace/builds/worker-2-tc1/source/Cargo.toml
[INFO] crate git repo https://github.com/Stebalien/ipld-exp already has a lockfile, it will not be regenerated
[INFO] running `Command { std: CARGO_HOME="/workspace/cargo-home" RUSTUP_HOME="/workspace/rustup-home" "/workspace/cargo-home/bin/cargo" "+9610dfe5a9a731ced1ea4923ecbd0c57fe367898" "fetch" "--manifest-path" "Cargo.toml", kill_on_drop: false }`
[INFO] [stderr]     Blocking waiting for file lock on package cache
[INFO] [stderr]     Blocking waiting for file lock on package cache
[INFO] [stderr]  Downloading crates ...
[INFO] [stderr]   Downloaded cid v0.8.4
[INFO] running `Command { std: "docker" "create" "-v" "/var/lib/crater-agent-workspace/builds/worker-2-tc1/target:/opt/rustwide/target:rw,Z" "-v" "/var/lib/crater-agent-workspace/builds/worker-2-tc1/source:/opt/rustwide/workdir:ro,Z" "-v" "/var/lib/crater-agent-workspace/cargo-home:/opt/rustwide/cargo-home:ro,Z" "-v" "/var/lib/crater-agent-workspace/rustup-home:/opt/rustwide/rustup-home:ro,Z" "-e" "SOURCE_DIR=/opt/rustwide/workdir" "-e" "CARGO_TARGET_DIR=/opt/rustwide/target" "-e" "CARGO_HOME=/opt/rustwide/cargo-home" "-e" "RUSTUP_HOME=/opt/rustwide/rustup-home" "-w" "/opt/rustwide/workdir" "-m" "1610612736" "--user" "0:0" "--network" "none" "ghcr.io/rust-lang/crates-build-env/linux@sha256:19e73879b68f455e41552ea35293514db52ea292d993f571636dbffedb77a1ee" "/opt/rustwide/cargo-home/bin/cargo" "+9610dfe5a9a731ced1ea4923ecbd0c57fe367898" "metadata" "--no-deps" "--format-version=1", kill_on_drop: false }`
[INFO] [stdout] 5ffcb4dbf519d4d806dadeb883418e7c2b942e432a394cf24631793eba178741
[INFO] running `Command { std: "docker" "start" "-a" "5ffcb4dbf519d4d806dadeb883418e7c2b942e432a394cf24631793eba178741", kill_on_drop: false }`
[INFO] running `Command { std: "docker" "inspect" "5ffcb4dbf519d4d806dadeb883418e7c2b942e432a394cf24631793eba178741", kill_on_drop: false }`
[INFO] running `Command { std: "docker" "rm" "-f" "5ffcb4dbf519d4d806dadeb883418e7c2b942e432a394cf24631793eba178741", kill_on_drop: false }`
[INFO] [stdout] 5ffcb4dbf519d4d806dadeb883418e7c2b942e432a394cf24631793eba178741
[INFO] running `Command { std: "docker" "create" "-v" "/var/lib/crater-agent-workspace/builds/worker-2-tc1/target:/opt/rustwide/target:rw,Z" "-v" "/var/lib/crater-agent-workspace/builds/worker-2-tc1/source:/opt/rustwide/workdir:ro,Z" "-v" "/var/lib/crater-agent-workspace/cargo-home:/opt/rustwide/cargo-home:ro,Z" "-v" "/var/lib/crater-agent-workspace/rustup-home:/opt/rustwide/rustup-home:ro,Z" "-e" "SOURCE_DIR=/opt/rustwide/workdir" "-e" "CARGO_TARGET_DIR=/opt/rustwide/target" "-e" "CARGO_INCREMENTAL=0" "-e" "RUST_BACKTRACE=full" "-e" "RUSTFLAGS=--cap-lints=forbid" "-e" "RUSTDOCFLAGS=--cap-lints=forbid" "-e" "CARGO_HOME=/opt/rustwide/cargo-home" "-e" "RUSTUP_HOME=/opt/rustwide/rustup-home" "-w" "/opt/rustwide/workdir" "-m" "1610612736" "--user" "0:0" "--network" "none" "ghcr.io/rust-lang/crates-build-env/linux@sha256:19e73879b68f455e41552ea35293514db52ea292d993f571636dbffedb77a1ee" "/opt/rustwide/cargo-home/bin/cargo" "+9610dfe5a9a731ced1ea4923ecbd0c57fe367898" "check" "--frozen" "--all" "--all-targets" "--message-format=json", kill_on_drop: false }`
[INFO] [stdout] 04caebbff819cfb486b73ed509b5696f29e1c5a42704565abe1a6fa564f089ce
[INFO] running `Command { std: "docker" "start" "-a" "04caebbff819cfb486b73ed509b5696f29e1c5a42704565abe1a6fa564f089ce", kill_on_drop: false }`
[INFO] [stderr]    Compiling proc-macro2 v1.0.36
[INFO] [stderr]    Compiling syn v1.0.89
[INFO] [stderr]    Compiling serde v1.0.136
[INFO] [stderr]    Compiling cc v1.0.73
[INFO] [stderr]    Compiling memchr v2.4.1
[INFO] [stderr]    Compiling data-encoding v2.3.2
[INFO] [stderr]     Checking blake2b_simd v1.0.0
[INFO] [stderr]     Checking blake2s_simd v1.0.0
[INFO] [stderr]     Checking unsigned-varint v0.7.1
[INFO] [stderr]     Checking base-x v0.2.8
[INFO] [stderr]    Compiling toml v0.5.8
[INFO] [stderr]     Checking crypto-common v0.1.3
[INFO] [stderr]     Checking digest v0.10.3
[INFO] [stderr]     Checking sha2 v0.10.2
[INFO] [stderr]     Checking sha3 v0.10.1
[INFO] [stderr]     Checking core2 v0.4.0
[INFO] [stderr]    Compiling blake3 v1.3.1
[INFO] [stderr]    Compiling quote v1.0.17
[INFO] [stderr]    Compiling proc-macro-error-attr v1.0.4
[INFO] [stderr]    Compiling synstructure v0.12.6
[INFO] [stderr]    Compiling proc-macro-error v1.0.4
[INFO] [stderr]    Compiling thiserror-impl v1.0.30
[INFO] [stderr]    Compiling serde_derive v1.0.136
[INFO] [stderr]    Compiling data-encoding-macro-internal v0.1.10
[INFO] [stderr]     Checking data-encoding-macro v0.1.12
[INFO] [stderr]     Checking multibase v0.9.1
[INFO] [stderr]    Compiling thiserror v1.0.30
[INFO] [stderr]    Compiling proc-macro-crate v1.1.3
[INFO] [stderr]    Compiling multihash-derive v0.8.0
[INFO] [stderr]     Checking serde-big-array v0.3.3
[INFO] [stderr]     Checking serde_bytes v0.11.5
[INFO] [stderr]     Checking multihash v0.16.2
[INFO] [stderr]     Checking cid v0.8.4
[INFO] [stderr]     Checking auto-ipld v0.1.0 (/opt/rustwide/workdir)
[INFO] [stdout] error[E0432]: unresolved import `std::lazy`
[INFO] [stdout]  --> src/auto_link.rs:3:5
[INFO] [stdout]   |
[INFO] [stdout] 3 |     lazy::OnceCell,
[INFO] [stdout]   |     ^^^^ could not find `lazy` in `std`
[INFO] [stdout] 
[INFO] [stdout] 
[INFO] [stdout] error[E0432]: unresolved import `std::lazy`
[INFO] [stdout]  --> src/link.rs:5:5
[INFO] [stdout]   |
[INFO] [stdout] 5 |     lazy::OnceCell,
[INFO] [stdout]   |     ^^^^ could not find `lazy` in `std`
[INFO] [stdout] 
[INFO] [stdout] 
[INFO] [stdout] error[E0432]: unresolved import `std::lazy`
[INFO] [stdout]  --> src/auto_link.rs:3:5
[INFO] [stdout]   |
[INFO] [stdout] 3 |     lazy::OnceCell,
[INFO] [stdout]   |     ^^^^ could not find `lazy` in `std`
[INFO] [stdout] 
[INFO] [stdout] 
[INFO] [stdout] error[E0432]: unresolved import `std::lazy`
[INFO] [stdout]  --> src/link.rs:5:5
[INFO] [stdout]   |
[INFO] [stdout] 5 |     lazy::OnceCell,
[INFO] [stdout]   |     ^^^^ could not find `lazy` in `std`
[INFO] [stdout] 
[INFO] [stdout] 
[INFO] [stdout] warning: the feature `once_cell` has been stable since 1.70.0 and no longer requires an attribute to enable
[INFO] [stdout]  --> src/lib.rs:1:12
[INFO] [stdout]   |
[INFO] [stdout] 1 | #![feature(once_cell)]
[INFO] [stdout]   |            ^^^^^^^^^
[INFO] [stdout]   |
[INFO] [stdout]   = note: `#[warn(stable_features)]` on by default
[INFO] [stdout] 
[INFO] [stdout] 
[INFO] [stdout] warning: the feature `once_cell` has been stable since 1.70.0 and no longer requires an attribute to enable
[INFO] [stdout]  --> src/lib.rs:1:12
[INFO] [stdout]   |
[INFO] [stdout] 1 | #![feature(once_cell)]
[INFO] [stdout]   |            ^^^^^^^^^
[INFO] [stdout]   |
[INFO] [stdout]   = note: `#[warn(stable_features)]` on by default
[INFO] [stdout] 
[INFO] [stdout] 
[INFO] [stdout] error[E0282]: type annotations needed
[INFO] [stdout]   --> src/auto_link.rs:49:14
[INFO] [stdout]    |
[INFO] [stdout] 49 |             .serialize(serializer)
[INFO] [stdout]    |              ^^^^^^^^^
[INFO] [stdout]    |
[INFO] [stdout] help: try using a fully qualified path to specify the expected types
[INFO] [stdout]    |
[INFO] [stdout] 47 ~         <maybe_link::MaybeLink<&T> as Serialize>::serialize::<SS>(&self.save()
[INFO] [stdout] 48 ~             .map_err(<SS::Error as serde::ser::Error>::custom)?, serializer)
[INFO] [stdout]    |
[INFO] [stdout] 
[INFO] [stdout] 
[INFO] [stdout] error[E0282]: type annotations needed
[INFO] [stdout]   --> src/auto_link.rs:63:40
[INFO] [stdout]    |
[INFO] [stdout] 63 |             MaybeLink::Value(value) => AutoLink::from_value(value),
[INFO] [stdout]    |                                        ^^^^^^^^^^^^^^^^^^^^ cannot infer type of the type parameter `T` declared on the struct `AutoLink`
[INFO] [stdout]    |
[INFO] [stdout] help: consider specifying the generic arguments
[INFO] [stdout]    |
[INFO] [stdout] 63 |             MaybeLink::Value(value) => AutoLink::<T, Store, S>::from_value(value),
[INFO] [stdout]    |                                                +++++++++++++++
[INFO] [stdout] 
[INFO] [stdout] 
[INFO] [stdout] error[E0282]: type annotations needed
[INFO] [stdout]   --> src/link.rs:70:17
[INFO] [stdout]    |
[INFO] [stdout] 70 |         let k = self.save().map_err(S::Error::custom)?;
[INFO] [stdout]    |                 ^^^^ cannot infer type for type parameter `T`
[INFO] [stdout] 
[INFO] [stdout] 
[INFO] [stdout] error[E0282]: type annotations needed
[INFO] [stdout]   --> src/auto_link.rs:49:14
[INFO] [stdout]    |
[INFO] [stdout] 49 |             .serialize(serializer)
[INFO] [stdout]    |              ^^^^^^^^^
[INFO] [stdout]    |
[INFO] [stdout] help: try using a fully qualified path to specify the expected types
[INFO] [stdout]    |
[INFO] [stdout] 47 ~         <maybe_link::MaybeLink<&T> as Serialize>::serialize::<SS>(&self.save()
[INFO] [stdout] 48 ~             .map_err(<SS::Error as serde::ser::Error>::custom)?, serializer)
[INFO] [stdout]    |
[INFO] [stdout] 
[INFO] [stdout] 
[INFO] [stdout] error[E0282]: type annotations needed
[INFO] [stdout]   --> src/auto_link.rs:63:40
[INFO] [stdout]    |
[INFO] [stdout] 63 |             MaybeLink::Value(value) => AutoLink::from_value(value),
[INFO] [stdout]    |                                        ^^^^^^^^^^^^^^^^^^^^ cannot infer type of the type parameter `T` declared on the struct `AutoLink`
[INFO] [stdout]    |
[INFO] [stdout] help: consider specifying the generic arguments
[INFO] [stdout]    |
[INFO] [stdout] 63 |             MaybeLink::Value(value) => AutoLink::<T, Store, S>::from_value(value),
[INFO] [stdout]    |                                                +++++++++++++++
[INFO] [stdout] 
[INFO] [stdout] 
[INFO] [stdout] error[E0282]: type annotations needed
[INFO] [stdout]   --> src/link.rs:70:17
[INFO] [stdout]    |
[INFO] [stdout] 70 |         let k = self.save().map_err(S::Error::custom)?;
[INFO] [stdout]    |                 ^^^^ cannot infer type for type parameter `T`
[INFO] [stdout] 
[INFO] [stdout] 
[INFO] [stdout] error: aborting due to 5 previous errors; 1 warning emitted
[INFO] [stdout] 
[INFO] [stdout] 
[INFO] [stdout] Some errors have detailed explanations: E0282, E0432.
[INFO] [stdout] 
[INFO] [stdout] For more information about an error, try `rustc --explain E0282`.
[INFO] [stdout] 
[INFO] [stderr] error: could not compile `auto-ipld` (lib) due to 6 previous errors; 1 warning emitted
[INFO] [stderr] warning: build failed, waiting for other jobs to finish...
[INFO] [stdout] error: aborting due to 5 previous errors; 1 warning emitted
[INFO] [stdout] 
[INFO] [stdout] 
[INFO] [stdout] Some errors have detailed explanations: E0282, E0432.
[INFO] [stdout] 
[INFO] [stdout] For more information about an error, try `rustc --explain E0282`.
[INFO] [stdout] 
[INFO] [stderr] error: could not compile `auto-ipld` (lib test) due to 6 previous errors; 1 warning emitted
[INFO] running `Command { std: "docker" "inspect" "04caebbff819cfb486b73ed509b5696f29e1c5a42704565abe1a6fa564f089ce", kill_on_drop: false }`
[INFO] running `Command { std: "docker" "rm" "-f" "04caebbff819cfb486b73ed509b5696f29e1c5a42704565abe1a6fa564f089ce", kill_on_drop: false }`
[INFO] [stdout] 04caebbff819cfb486b73ed509b5696f29e1c5a42704565abe1a6fa564f089ce
